prime factors of 33965.
5, 6793
What are the prime factors of 8450?
2, 5, 13
What are the prime factors of 10534?
2, 23, 229
What are the prime factors of 18801?
3, 2089
What are the prime factors of 13047?
3, 4349
What are the prime factors of 12962?
2, 6481
List the prime factors of 1762.
2, 881
List the prime factors of 4892.
2, 1223
List the prime factors of 3263.
13, 251
List the prime factors of 4138.
2, 2069
List the prime factors of 1418.
2, 709
List the prime factors of 49188.
2, 3, 4099
List the prime factors of 2471.
7, 353
What are the prime factors of 21804?
2, 3, 23, 79
List the prime factors of 6364.
2, 37, 43
What are the prime factors of 1604?
2, 401
List the prime factors of 20768.
2, 11, 59
List the prime factors of 123.
3, 41
What are the prime factors of 12042?
2, 3, 223
List the prime factors of 4124.
2, 1031
List the prime factors of 8378.
2, 59, 71
List the prime factors of 1815.
3, 5, 11
What are the prime factors of 2727?
3, 101
What are the prime factors of 1927?
41, 47
List the prime factors of 6687.
3, 743
What are the prime factors of 7124?
2, 13, 137
What are the prime factors of 968?
2, 11
List the prime factors of 17167.
17167
What are the prime factors of 2513?
7, 359
List the prime factors of 25911.
3, 2879
List the prime factors of 983.
983
What are the prime factors of 3778?
2, 1889
List the prime factors of 573.
3, 191
List the prime factors of 117847.
191, 617
What are the prime factors of 2997?
3, 37
List the prime factors of 88814.
2, 11, 367
What are the prime factors of 30688?
2, 7, 137
What are the prime factors of 4035?
3, 5, 269
What are the prime factors of 49126?
2, 7, 11, 29
What are the prime factors of 29?
29
What are the prime factors of 721?
7, 103
What are the prime factors of 596?
2, 149
List the prime factors of 2248.
2, 281
List the prime factors of 9533.
9533
List the prime factors of 599.
599
List the prime factors of 2828.
2, 7, 101
What are the prime factors of 28796?
2, 23, 313
What are the prime factors of 155554?
2, 7, 41, 271
List the prime factors of 5640.
2, 3, 5, 47
List the prime factors of 19724.
2, 4931
List the prime factors of 61.
61
What are the prime factors of 6710?
2, 5, 11, 61
List the prime factors of 3637.
3637
What are the prime factors of 432?
2, 3
List the prime factors of 4629.
3, 1543
List the prime factors of 2226.
2, 3, 7, 53
What are the prime factors of 3698?
2, 43
What are the prime factors of 2604?
2, 3, 7, 31
What are the prime factors of 1265?
5, 11, 23
List the prime factors of 1846.
2, 13, 71
What are the prime factors of 11901?
3, 3967
List the prime factors of 8462.
2, 4231
What are the prime factors of 16498?
2, 73, 113
What are the prime factors of 26?
2, 13
What are the prime factors of 16617?
3, 29, 191
List the prime factors of 212.
2, 53
List the prime factors of 1044.
2, 3, 29
List the prime factors of 77314.
2, 29, 31, 43
What are the prime factors of 643?
643
What are the prime factors of 73640?
2, 5, 7, 263
List the prime factors of 4338.
2, 3, 241
What are the prime factors of 2019?
3, 673
List the prime factors of 680.
2, 5, 17
What are the prime factors of 111583?
241, 463
List the prime factors of 4960.
2, 5, 31
What are the prime factors of 6981?
3, 13, 179
List the prime factors of 1867.
1867
List the prime factors of 7429.
17, 19, 23
List the prime factors of 6886.
2, 11, 313
What are the prime factors of 2332?
2, 11, 53
List the prime factors of 144779.
144779
What are the prime factors of 35324?
2, 8831
What are the prime factors of 3933?
3, 19, 23
List the prime factors of 24894.
2, 3, 461
List the prime factors of 3979.
23, 173
List the prime factors of 179.
179
List the prime factors of 7556.
2, 1889
What are the prime factors of 17749?
17749
List the prime factors of 40146.
2, 3, 6691
What are the prime factors of 688?
2, 43
List the prime factors of 11747.
17, 691
List the prime factors of 750.
2, 3, 5
List the prime factors of 44692.
2, 11173
List the prime factors of 2064.
2, 3, 43
What are the prime factors of 10901?
11, 991
What are the prime factors of 21299?
19, 59
What are the prime factors of 1658?
2, 829
What are the prime factors of 26172?
2, 3, 727
What are the prime factors of 3864?
2, 3, 7, 23
List the prime factors of 454.
2, 227
What are the prime factors of 19942?
2, 13, 59
What are the prime factors of 422?
2, 211
What are the prime factors of 142778?
2, 71389
List the prime factors of 222.
2, 3, 37
What are the prime factors of 30?
2, 3, 5
What are the prime factors of 10209?
3, 41, 83
What are the prime factors of 11239?
11239
List the prime factors of 7851.
3, 2617
List the prime factors of 1570.
2, 5, 157
List the prime factors of 17624.
2, 2203
What are the prime factors of 4199?
13, 17, 19
What are the prime factors of 1455?
3, 5, 97
List the prime factors of 15359.
15359
What are the prime factors of 350?
2, 5, 7
List the prime factors of 24276.
2, 3, 7, 17
List the prime factors of 31797.
3, 3533
What are the prime factors of 207826?
2, 103913
List the prime factors of 71378.
2, 89, 401
List the prime factors of 16945.
5, 3389
List the prime factors of 5474.
2, 7, 17, 23
What are the prime factors of 25110?
2, 3, 5, 31
What are the prime factors of 3296?
2, 103
List the prime factors of 3749.
23, 163
What are the prime factors of 4729?
4729
What are the prime factors of 2601?
3, 17
List the prime factors of 28694.
2, 14347
List the prime factors of 14486.
2, 7243
List the prime factors of 6580.
2, 5, 7, 47
List the prime factors of 16286.
2, 17, 479
What are the prime factors of 505?
5, 101
List the prime factors of 1385.
5, 277
List the prime factors of 17348.
2, 4337
What are the prime factors of 2682?
2, 3, 149
List the prime factors of 20089.
20089
What are the prime factors of 70974?
2, 3, 3943
List the prime factors of 1003.
17, 59
What are the prime factors of 2623?
43, 61
List the prime factors of 5220.
2, 3, 5, 29
List the prime factors of 830.
2, 5, 83
What are the prime factors of 100535?
5, 20107
List the prime factors of 1994.
2, 997
What are the prime factors of 47821?
17, 29, 97
List the prime factors of 451.
11, 41
What are the prime factors of 16469?
43, 383
What are the prime factors of 472?
2, 59
What are the prime factors of 220?
2, 5, 11
List the prime factors of 1773.
3, 197
What are the prime factors of 5206?
2, 19, 137
List the prime factors of 2612.
2, 653
List the prime factors of 221.
13, 17
List the prime factors of 1437.
3, 479
List the prime factors of 30329.
13, 2333
List the prime factors of 30503.
11, 47, 59
What are the prime factors of 1729?
7, 13, 19
What are the prime factors of 1314?
2, 3, 73
What are the prime factors of 318?
2, 3, 53
List the prime factors of 1721.
1721
What are the prime factors of 4605?
3, 5, 307
What are the prime factors of 47122?
2, 23561
What are the prime factors of 3029?
13, 233
What are the prime factors of 11461?
73, 157
List the prime factors of 1293.
3, 431
List the prime factors of 215.
5, 43
What are the prime factors of 5273?
5273
What are the prime factors of 6240?
2, 3, 5, 13
List the prime factors of 68946.
2, 3, 11491
What are the prime factors of 32575?
5, 1303
List the prime factors of 95443.
95443
List the prime factors of 68870.
2, 5, 71, 97
List the prime factors of 8345.
5, 1669
List the prime factors of 87556.
2, 7, 53, 59
List the prime factors of 1725.
3, 5, 23
List the prime factors of 691.
691
What are the prime factors of 628?
2, 157
What are the prime factors of 147909?
3, 47, 1049
List the prime factors of 24508.
2, 11, 557
What are the prime factors of 829?
829
List the prime factors of 17089.
23, 743
What are the prime factors of 22560?
2, 3, 5, 47
What are the prime factors of 261?
3, 29
List the prime factors of 960.
2, 3, 5
What are the prime factors of 2186?
2, 1093
List the prime factors of 31452.
2, 3, 2621
What are the prime factors of 103447?
31, 47, 71
What are the prime factors of 512?
2
List the prime factors of 8790.
2, 3, 5, 293
List the prime factors of 820.
2, 5, 41
List the prime factors of 92217.
3, 59, 521
What are the prime factors of 3663?
3, 11, 37
List the prime factors of 8751.
3, 2917
List the prime factors of 264.
2, 3, 11
List the prime factors of 24638.
2, 97, 127
What are the p